 r(-14)?
-46
Let u(a) = a**3 + 20*a**2 - 5*a - 864. Give u(0).
-864
Let l(q) = -q**3 + 72*q**2 - 210*q + 542. Determine l(69).
335
Let j(m) = -m**3 - 19*m**2 + 5318*m + 90514. Determine j(-17).
-470
Let c(j) = -j**2 + 89451*j - 894382. What is c(10)?
28
Let j(x) = -505*x**2 - 1543*x + 5. Give j(-3).
89
Let d(r) = -3*r**2 + 1053*r - 40534. What is d(44)?
-10
Let p(d) = -6*d**2 - 231*d - 1423. Determine p(-6).
-253
Let n(d) = -5722*d - 199995. Determine n(-35).
275
Let x(c) = c**2 + 864*c + 62100. Determine x(-79).
85
Let m(c) = c**3 - 52*c**2 + 346*c + 1102. Calculate m(44).
838
Let f(w) = -6065*w - 327481. Determine f(-54).
29
Let a(d) = -2*d**3 + 630*d**2 - 45481*d + 1814. Determine a(203).
-13
Let c(g) = -40*g**2 - 12474*g + 12509. Give c(1).
-5
Let u(r) = -4*r**2 - 769*r - 10786. Determine u(-177).
11
Let r(q) = -146*q - 59844. What is r(-408)?
-276
Let b(n) = -n**2 + 5343*n + 74922. Calculate b(-14).
-76
Let z(k) = 131*k**3 + 6*k**2 + 376*k - 381. What is z(1)?
132
Let f(j) = -4*j**2 + 446*j + 1771. Determine f(-4).
-77
Let m(o) = 207*o**2 - 1661*o. Give m(0).
0
Let a(b) = -2*b**2 + 62*b + 3643. Give a(67).
-1181
Let i(h) = -3300*h + 551. What is i(0)?
551
Let i(g) = -6882*g - 206460. Calculate i(-30).
0
Let d(b) = b**3 + 30*b**2 + 232*b + 227. What is d(-12)?
35
Let l(m) = -83*m**2 + 404*m + 242. Determine l(5).
187
Let r(b) = b**3 - 88*b**2 + 492*b + 250. What is r(82)?
250
Let g(t) = -1303*t - 4183. Determine g(-4).
1029
Let u(g) = -40436*g + 242894. Determine u(6).
278
Let r(f) = 3321340*f + 9964022. Give r(-3).
2
Let p(r) = -r**3 - 432*r**2 + 21374*r + 4096. Calculate p(45).
1
Let m(p) = -655075*p - 25547916. Give m(-39).
9
Let o(d) = d**3 - 142*d**2 + 887*d - 147504. Determine o(143).
-214
Let a(u) = -108467*u + 2277802. Give a(21).
-5
Let s(d) = 120*d**2 + 30903*d + 16198. Give s(-257).
7
Let i(n) = n**3 - 37*n**2 + 64*n - 617. Calculate i(35).
-827
Let b(a) = -5*a**2 - 342*a - 4594. Give b(-18).
-58
Let d(p) = -2135*p + 8651. Calculate d(4).
111
Let g(c) = -2*c**3 - 2880*c**2 + 3315*c + 623956. Give g(-1441).
3
Let w(p) = 11*p**3 + 215*p**2 - 2445*p + 164. Determine w(8).
-4
Let x(k) = -5*k**2 + 107*k - 451. Calculate x(4).
-103
Let h(j) = -14090*j + 145122. Determine h(10).
4222
Let j(t) = -3*t**2 - 82*t + 238. Give j(-29).
93
Let w(a) = 12698*a + 571403. Calculate w(-45).
-7
Let g(r) = 25*r**2 - 3052*r + 3306. Give g(121).
39
Let b(h) = -h**2 - 168*h - 5886. What is b(-46)?
-274
Let h(u) = 79825*u - 3. Determine h(0).
-3
Let u(h) = -4064*h + 195088. Give u(48).
16
Let d(j) = 189876*j - 569650. What is d(3)?
-22
Let a(b) = -b**2 - 2433*b - 142385. Give a(-60).
-5
Let w(k) = 552*k + 14897. What is w(-27)?
-7
Let t(r) = -32*r**3 + 275*r**2 + 163*r - 430. What is t(9)?
-16
Let o(c) = 41388*c + 496671. Calculate o(-12).
15
Let p(r) = -r**3 + 170*r**2 - 7159*r - 229. Give p(93).
-43
Let a(b) = -b**3 - 18*b**2 + 173*b - 170. Give a(6).
4
Let s(n) = 570*n - 6008. Calculate s(9).
-878
Let q(u) = -123621*u - 741750. Calculate q(-6).
-24
Let d(p) = -72631*p + 726295. Calculate d(10).
-15
Let s(x) = 5*x**3 + 52*x**2 - 50*x - 63. Determine s(-14).
-2891
Let w(p) = 6561*p + 262413. Calculate w(-40).
-27
Let j(u) = -3*u**2 + 66*u + 234. Calculate j(20).
354
Let x(o) = 12620*o - 340756. Calculate x(27).
-16
Let w(x) = x**3 + 2984*x**2 - 882104*x - 274. Calculate w(271).
-3
Let c(u) = -248*u + 8684. Determine c(35).
4
Let w(x) = 15625*x + 31245. Calculate w(-2).
-5
Let z(s) = -2*s**2 + 542*s - 23713. Give z(216).
47
Let o(c) = c**3 - 73*c**2 - 285*c - 1768. Give o(77).
3
Let n(h) = -2207*h + 70632. Determine n(32).
8
Let s(x) = x**3 + 3*x**2 + 40*x + 46. Calculate s(-7).
-430
Let h(c) = -140*c**2 + 2098*c - 1937. Calculate h(14).
-5
Let m(l) = 8048*l**2 + 32176*l - 72. Calculate m(-4).
-8
Let h(f) = 418*f**3 + 2065*f**2 - 85*f - 45. Determine h(-5).
-245
Let h(o) = -2*o**3 + 700*o**2 + 23611*o - 341. Calculate h(-31).
0
Let g(i) = -3114*i - 21855. Determine g(-7).
-57
Let j(k) = -2*k**3 - 6*k**2 - 7*k - 29. Determine j(0).
-29
Let z(q) = 2*q**2 + 2472*q + 150005. Calculate z(-1172).
-11
Let f(l) = -2*l**3 - 105*l**2 - 268*l - 570. What is f(-50)?
330
Let p(b) = 12043*b + 1011606. Calculate p(-84).
-6
Let p(l) = -10*l**2 - 262*l - 19. Determine p(-27).
-235
Let f(w) = -4*w**2 - 114*w + 928. Determine f(7).
-66
Let u(v) = -2*v**3 - 70*v**2 + 354*v + 14368. Give u(-34).
20
Let v(z) = 5*z**2 + 87. Give v(-10).
587
Let g(m) = -903*m + 2517. What is g(3)?
-192
Let l(i) = i**2 - 190*i + 5730. Give l(37).
69
Let m(n) = -196*n**2 + 4739*n - 860. Give m(24).
-20
Let p(d) = d**3 - 37*d**2 + 20*d - 1735. What is p(38)?
469
Let c(a) = -307694*a + 15692388. Determine c(51).
-6
Let t(f) = -11*f**3 - 555*f**2 + 1487*f + 182. Give t(-53).
23
Let c(v) = -10*v**3 + 359*v**2 + 40*v - 113. Determine c(36).
31
Let w(y) = 29*y**2 - 7001*y - 40038. What is w(247)?
-24
Let a(d) = -2000*d**2 + 100*d. Determine a(-1).
-2100
Let r(n) = n**3 + 274*n**2 - 820*n - 73981. Give r(-276).
-13
Let c(u) = -2*u**2 + 239*u - 534. What is c(117)?
51
Let q(a) = -197*a**2 - 2260*a - 51. Calculate q(-7).
6116
Let d(g) = -g**3 - 632*g**2 + 2586*g + 835655. Calculate d(-634).
43
Let g(i) = -10537*i - 400045. Determine g(-38).
361
Let v(u) = 5*u**3 - 84*u**2 + 1477*u - 1394. Calculate v(1).
4
Let v(k) = -207*k**2 + 2099*k - 337. Give v(10).
-47
Let h(f) = f**3 + 224*f**2 + 1134*f + 7. Give h(-5).
-188
Let i(k) = -1379*k**2 + 35856*k - 296. Determine i(26).
-244
Let s(t) = 11*t**3 - 10*t**2 - 72*t + 207. Determine s(5).
972
Let v(r) = r**3 - 13*r**2 - 6742*r + 74409. What is v(11)?
5
Let i(x) = 8*x**3 + 6*x**2 - 156*x + 151. Give i(1).
9
Let w(g) = 196*g**2 + 1789*g + 36. Give w(-9).
-189
Let y(a) = 19470*a + 174991. Give y(-9).
-239
Let h(y) = y**3 - 6*y**2 - 510*y + 844. Calculate h(25).
-31
Let c(o) = 6*o**3 - 3393*o**2 + 84165*o - 54. What is c(26)?
24
Let o(a) = -145369*a + 3052772. What is o(21)?
23
Let y(v) = -3*v**3 + 346*v**2 + 237*v - 1616. Calculate y(116).
-1036
Let m(c) = -95*c - 1076. What is m(14)?
-2406
Let o(s) = -14*s + 2173. Determine o(64).
1277
Let u(v) = -v**3 - 76*v**2 - 57*v + 592. What is u(-75)?
-758
Let a(d) = -351*d - 125878. Calculate a(-359).
131
Let a(s) = s**3 - 19*s**2 + 85*s - 1751. Calculate a(18).
-545
Let y(p) = p**3 - 23*p**2 - 941*p + 804. What is y(44)?
56
Let w(d) = -2*d**2 - 720*d - 6531. Calculate w(-9).
-213
Let b(h) = 8*h**2 + 1950*h - 22418. Determine b(11).
0
Let s(z) = 266*z**2 + 6497*z + 2706. Determine s(-24).
-6
Let w(d) = 130*d**2 + 2146*d + 1052. Give w(-16).
-4
Let p(m) = -5366*m + 37514. Give p(7).
-48
Let v(q) = q**2 + 284*q + 13321. Calculate v(-225).
46
Let m(i) = -327166*i - 4907484. Give m(-15).
6
Let i(o) = 19357*o + 57994. Calculate i(-3).
-77
Let f(g) = 10*g**3 + 33*g**2 - 164*g - 21. Calculate f(-6).
-9
Let v(x) = 4*x**2 + 2*x - 5412. Calculate v(-37).
-10
Let n(o) = 2*o**2 + 55*o + 348. Determine n(-13).
-29
Let z(k) = 3*k**2 - 92*k + 579. Calculate z(23).
50
Let h(p) = -11207*p - 56284. Determine h(-5).
-249
Let n(k) = -110*k**3 - 329*k**2 + 7*k + 3. What is n(-3)?
-9
Let w(d) = d**3 - 254*d**2 - 16998*d + 1015. Give w(309).
88
Let b(c) = -c**3 - 115*c**2 - 3239*c - 155. Give b(-49).
90
Let g(v) = -430927*v - 16375241. Give g(-38).
-15
Let n(k) = -95*k**2 - 1419*k + 43. Calculate n(-15).
-47
Let l(r) = r**3 - 5*r**2 - 257*r + 1619. What is l(7)?
-82
Let l(f) = -2*f**2 + 8969*f + 44874. Calculate l(-5).
-21
Let o(g) = -g**3 + 22*g**2 - 2843*g + 5608. Calculate o(2).
2
Let b(r) = r**3 - 31*r**2 - 621*r + 19681. Calculate b(29).
-10
Let n(b) = 22*b**3 - 38*b**2 - 32*b + 18. Determine n(-1).
-10
Let y(j) = -391*j - 381635. Give y(-976).
-19
Let f(d) = -86043*d - 344189. Calculate f(-4).
-17
Let r(j) = -779*j**2 + 45967*j - 352. What is r(59)?
2
Let j(t) = 66*t - 8842. Give j(140).
398
Let f(o) = -536*o + 112887. Determine f(212).
-745
Let k(f) = -521476*f - 3128875. Give k(-6).
-19
Let a(g) = 5*g**2 - 2800*g - 38974. What is a(-14)?
1206
Let f(n) = -20779*n + 145460. Calculate f(7).
7
Let m(r) = -9327*r - 699580. Determine m(-75).
-55
Let b(z) = -68*z**2 - 22302*z + 623. Give b(-328).
-33
Let h(d) = -5303*d - 27084. Calculate h(-5).
-569
Let q(l) = -387*l - 814. Give q(-2).
-40
Let w(b) = 32*b**3 + 20*b**2 - 809*b - 829. Calcu